{"id":33,"date":"2015-08-08T18:15:53","date_gmt":"2015-08-08T16:15:53","guid":{"rendered":"http:\/\/kreative-fotos.com\/?page_id=33"},"modified":"2024-06-10T19:14:56","modified_gmt":"2024-06-10T17:14:56","slug":"ueber-mich","status":"publish","type":"page","link":"https:\/\/kreative-fotos.com\/?page_id=33","title":{"rendered":"\u00dcber mich"},"content":{"rendered":"<p><a href=\"https:\/\/i0.wp.com\/kreative-fotos.com\/wp-content\/uploads\/2015\/08\/Selbstportrait-Quadrat.jpg?ssl=1\" data-rel=\"lightbox-image-0\" data-rl_title=\"\" data-rl_caption=\"\" title=\"\"><img loading=\"lazy\" decoding=\"async\" data-attachment-id=\"34\" data-permalink=\"https:\/\/kreative-fotos.com\/?attachment_id=34\" data-orig-file=\"https:\/\/i0.wp.com\/kreative-fotos.com\/wp-content\/uploads\/2015\/08\/Selbstportrait-Quadrat.jpg?fit=1500%2C1500&amp;ssl=1\" data-orig-size=\"1500,1500\" data-comments-opened=\"1\" data-image-meta=\"{&quot;aperture&quot;:&quot;5&quot;,&quot;credit&quot;:&quot;&quot;,&quot;camera&quot;:&quot;Canon EOS-1Ds Mark II&quot;,&quot;caption&quot;:&quot;&quot;,&quot;created_timestamp&quot;:&quot;1345906242&quot;,&quot;copyright&quot;:&quot;&quot;,&quot;focal_length&quot;:&quot;127&quot;,&quot;iso&quot;:&quot;400&quot;,&quot;shutter_speed&quot;:&quot;0.025&quot;,&quot;title&quot;:&quot;&quot;,&quot;orientation&quot;:&quot;1&quot;}\" data-image-title=\"Selbstportrait Quadrat\" data-image-description=\"\" data-image-caption=\"\" data-medium-file=\"https:\/\/i0.wp.com\/kreative-fotos.com\/wp-content\/uploads\/2015\/08\/Selbstportrait-Quadrat.jpg?fit=300%2C300&amp;ssl=1\" data-large-file=\"https:\/\/i0.wp.com\/kreative-fotos.com\/wp-content\/uploads\/2015\/08\/Selbstportrait-Quadrat.jpg?fit=640%2C640&amp;ssl=1\" class=\"alignnone size-medium wp-image-34\" src=\"https:\/\/i0.wp.com\/kreative-fotos.com\/wp-content\/uploads\/2015\/08\/Selbstportrait-Quadrat.jpg?resize=300%2C300&#038;ssl=1\" alt=\"Selbstportrait Quadrat\" width=\"300\" height=\"300\" srcset=\"https:\/\/i0.wp.com\/kreative-fotos.com\/wp-content\/uploads\/2015\/08\/Selbstportrait-Quadrat.jpg?resize=300%2C300&amp;ssl=1 300w, https:\/\/i0.wp.com\/kreative-fotos.com\/wp-content\/uploads\/2015\/08\/Selbstportrait-Quadrat.jpg?resize=150%2C150&amp;ssl=1 150w, https:\/\/i0.wp.com\/kreative-fotos.com\/wp-content\/uploads\/2015\/08\/Selbstportrait-Quadrat.jpg?resize=1024%2C1024&amp;ssl=1 1024w, https:\/\/i0.wp.com\/kreative-fotos.com\/wp-content\/uploads\/2015\/08\/Selbstportrait-Quadrat.jpg?w=1500&amp;ssl=1 1500w, https:\/\/i0.wp.com\/kreative-fotos.com\/wp-content\/uploads\/2015\/08\/Selbstportrait-Quadrat.jpg?w=1280&amp;ssl=1 1280w\" sizes=\"auto, (max-width: 300px) 100vw, 300px\" data-recalc-dims=\"1\" \/><\/a><a href=\"https:\/\/i0.wp.com\/kreative-fotos.com\/wp-content\/uploads\/2015\/08\/Selbstportrait-klein.jpg?ssl=1\" data-rel=\"lightbox-image-1\" data-rl_title=\"\" data-rl_caption=\"\" title=\"\"><img loading=\"lazy\" decoding=\"async\" data-attachment-id=\"58\" data-permalink=\"https:\/\/kreative-fotos.com\/?attachment_id=58\" data-orig-file=\"https:\/\/i0.wp.com\/kreative-fotos.com\/wp-content\/uploads\/2015\/08\/Selbstportrait-klein.jpg?fit=1500%2C1500&amp;ssl=1\" data-orig-size=\"1500,1500\" data-comments-opened=\"1\" data-image-meta=\"{&quot;aperture&quot;:&quot;11&quot;,&quot;credit&quot;:&quot;&quot;,&quot;camera&quot;:&quot;Canon EOS 6D&quot;,&quot;caption&quot;:&quot;&quot;,&quot;created_timestamp&quot;:&quot;1413117122&quot;,&quot;copyright&quot;:&quot;&quot;,&quot;focal_length&quot;:&quot;54&quot;,&quot;iso&quot;:&quot;400&quot;,&quot;shutter_speed&quot;:&quot;0.008&quot;,&quot;title&quot;:&quot;&quot;,&quot;orientation&quot;:&quot;1&quot;}\" data-image-title=\"Selbstportrait klein\" data-image-description=\"\" data-image-caption=\"\" data-medium-file=\"https:\/\/i0.wp.com\/kreative-fotos.com\/wp-content\/uploads\/2015\/08\/Selbstportrait-klein.jpg?fit=300%2C300&amp;ssl=1\" data-large-file=\"https:\/\/i0.wp.com\/kreative-fotos.com\/wp-content\/uploads\/2015\/08\/Selbstportrait-klein.jpg?fit=640%2C640&amp;ssl=1\" class=\"alignnone size-medium wp-image-58\" src=\"https:\/\/i0.wp.com\/kreative-fotos.com\/wp-content\/uploads\/2015\/08\/Selbstportrait-klein.jpg?resize=300%2C300&#038;ssl=1\" alt=\"Selbstportrait klein\" width=\"300\" height=\"300\" srcset=\"https:\/\/i0.wp.com\/kreative-fotos.com\/wp-content\/uploads\/2015\/08\/Selbstportrait-klein.jpg?resize=300%2C300&amp;ssl=1 300w, https:\/\/i0.wp.com\/kreative-fotos.com\/wp-content\/uploads\/2015\/08\/Selbstportrait-klein.jpg?resize=150%2C150&amp;ssl=1 150w, https:\/\/i0.wp.com\/kreative-fotos.com\/wp-content\/uploads\/2015\/08\/Selbstportrait-klein.jpg?resize=1024%2C1024&amp;ssl=1 1024w, https:\/\/i0.wp.com\/kreative-fotos.com\/wp-content\/uploads\/2015\/08\/Selbstportrait-klein.jpg?w=1500&amp;ssl=1 1500w, https:\/\/i0.wp.com\/kreative-fotos.com\/wp-content\/uploads\/2015\/08\/Selbstportrait-klein.jpg?w=1280&amp;ssl=1 1280w\" sizes=\"auto, (max-width: 300px) 100vw, 300px\" data-recalc-dims=\"1\" \/><\/a><\/p>\n<hr>\n<p><strong>Wer bin ich?<\/strong><\/p>\n<p>Studium an der Folkwang-Hochschule der K\u00fcnste, 41 Jahre lang Gymnasiallehrer f\u00fcr das Fach Kunst, freischaffender Fotok\u00fcnstler.<br \/>\nIch nehme keine gewerblichen Auftr\u00e4ge an, sondern besch\u00e4ftige mich ausschlie\u00dflich mit freier k\u00fcnstlerischer Fotografie.<br \/>\nBesonders interessieren mich Bilder, in denen eine besondere Stimmung oder Situation dargestellt wird. Deshalb arbeite ich auch gerne mit besonderen Farb-, Licht- und Nebeleffekten.<br \/>\nDie Schlangen, die man auf einigen Fotos sehen kann, sind meine eigenen.<\/p>\n","protected":false},"excerpt":{"rendered":"<p>Wer bin ich? Studium an der Folkwang-Hochschule der K\u00fcnste, 41 Jahre lang Gymnasiallehrer f\u00fcr das Fach Kunst, freischaffender Fotok\u00fcnstler. Ich nehme keine gewerblichen Auftr\u00e4ge an, sondern besch\u00e4ftige mich ausschlie\u00dflich mit freier k\u00fcnstlerischer Fotografie. Besonders interessieren mich Bilder, in denen eine &hellip; <a href=\"https:\/\/kreative-fotos.com\/?page_id=33\">Weiterlesen <span class=\"meta-nav\">&rarr;<\/span><\/a><\/p>\n","protected":false},"author":2,"featured_media":0,"parent":0,"menu_order":0,"comment_status":"closed","ping_status":"closed","template":"onecolumn-page.php","meta":{"ngg_post_thumbnail":0,"jetpack_post_was_ever_published":false,"footnotes":""},"class_list":["post-33","page","type-page","status-publish","hentry"],"aioseo_notices":[],"jetpack_sharing_enabled":true,"jetpack_shortlink":"https:\/\/wp.me\/P5UVtI-x","_links":{"self":[{"href":"https:\/\/kreative-fotos.com\/index.php?rest_route=\/wp\/v2\/pages\/33","targetHints":{"allow":["GET"]}}],"collection":[{"href":"https:\/\/kreative-fotos.com\/index.php?rest_route=\/wp\/v2\/pages"}],"about":[{"href":"https:\/\/kreative-fotos.com\/index.php?rest_route=\/wp\/v2\/types\/page"}],"author":[{"embeddable":true,"href":"https:\/\/kreative-fotos.com\/index.php?rest_route=\/wp\/v2\/users\/2"}],"replies":[{"embeddable":true,"href":"https:\/\/kreative-fotos.com\/index.php?rest_route=%2Fwp%2Fv2%2Fcomments&post=33"}],"version-history":[{"count":9,"href":"https:\/\/kreative-fotos.com\/index.php?rest_route=\/wp\/v2\/pages\/33\/revisions"}],"predecessor-version":[{"id":869,"href":"https:\/\/kreative-fotos.com\/index.php?rest_route=\/wp\/v2\/pages\/33\/revisions\/869"}],"wp:attachment":[{"href":"https:\/\/kreative-fotos.com\/index.php?rest_route=%2Fwp%2Fv2%2Fmedia&parent=33"}],"curies":[{"name":"wp","href":"https:\/\/api.w.org\/{rel}","templated":true}]}}

Über mich

<p><a href="https://i0.wp.com/kreative-fotos.com/wp-content/uploads/2015/08/Selbstportrait-Quadrat.jpg?ssl=1" data-rel="lightbox-image-0" data-rl_title="" data-rl_caption="" title=""><img loading="lazy" decoding="async" data-attachment-id="34" data-permalink="https://kreative-fotos.com/?attachment_id=34" data-orig-file="https://i0.wp.com/kreative-fotos.com/wp-content/uploads/2015/08/Selbstportrait-Quadrat.jpg?fit=1500%2C1500&amp;ssl=1" data-orig-size="1500,1500" data-comments-opened="1" data-image-meta="{&quot;aperture&quot;:&quot;5&quot;,&quot;credit&quot;:&quot;&quot;,&quot;camera&quot;:&quot;Canon EOS-1Ds Mark II&quot;,&quot;caption&quot;:&quot;&quot;,&quot;created_timestamp&quot;:&quot;1345906242&quot;,&quot;copyright&quot;:&quot;&quot;,&quot;focal_length&quot;:&quot;127&quot;,&quot;iso&quot;:&quot;400&quot;,&quot;shutter_speed&quot;:&quot;0.025&quot;,&quot;title&quot;:&quot;&quot;,&quot;orientation&quot;:&quot;1&quot;}" data-image-title="Selbstportrait Quadrat" data-image-description="" data-image-caption="" data-medium-file="https://i0.wp.com/kreative-fotos.com/wp-content/uploads/2015/08/Selbstportrait-Quadrat.jpg?fit=300%2C300&amp;ssl=1" data-large-file="https://i0.wp.com/kreative-fotos.com/wp-content/uploads/2015/08/Selbstportrait-Quadrat.jpg?fit=640%2C640&amp;ssl=1" class="alignnone size-medium wp-image-34" src="https://i0.wp.com/kreative-fotos.com/wp-content/uploads/2015/08/Selbstportrait-Quadrat.jpg?resize=300%2C300&#038;ssl=1" alt="Selbstportrait Quadrat" width="300" height="300" srcset="https://i0.wp.com/kreative-fotos.com/wp-content/uploads/2015/08/Selbstportrait-Quadrat.jpg?resize=300%2C300&amp;ssl=1 300w, https://i0.wp.com/kreative-fotos.com/wp-content/uploads/2015/08/Selbstportrait-Quadrat.jpg?resize=150%2C150&amp;ssl=1 150w, https://i0.wp.com/kreative-fotos.com/wp-content/uploads/2015/08/Selbstportrait-Quadrat.jpg?resize=1024%2C1024&amp;ssl=1 1024w, https://i0.wp.com/kreative-fotos.com/wp-content/uploads/2015/08/Selbstportrait-Quadrat.jpg?w=1500&amp;ssl=1 1500w, https://i0.wp.com/kreative-fotos.com/wp-content/uploads/2015/08/Selbstportrait-Quadrat.jpg?w=1280&amp;ssl=1 1280w" sizes="auto, (max-width: 300px) 100vw, 300px" data-recalc-dims="1" /></a><a href="https://i0.wp.com/kreative-fotos.com/wp-content/uploads/2015/08/Selbstportrait-klein.jpg?ssl=1" data-rel="lightbox-image-1" data-rl_title="" data-rl_caption="" title=""><img loading="lazy" decoding="async" data-attachment-id="58" data-permalink="https://kreative-fotos.com/?attachment_id=58" data-orig-file="https://i0.wp.com/kreative-fotos.com/wp-content/uploads/2015/08/Selbstportrait-klein.jpg?fit=1500%2C1500&amp;ssl=1" data-orig-size="1500,1500" data-comments-opened="1" data-image-meta="{&quot;aperture&quot;:&quot;11&quot;,&quot;credit&quot;:&quot;&quot;,&quot;camera&quot;:&quot;Canon EOS 6D&quot;,&quot;caption&quot;:&quot;&quot;,&quot;created_timestamp&quot;:&quot;1413117122&quot;,&quot;copyright&quot;:&quot;&quot;,&quot;focal_length&quot;:&quot;54&quot;,&quot;iso&quot;:&quot;400&quot;,&quot;shutter_speed&quot;:&quot;0.008&quot;,&quot;title&quot;:&quot;&quot;,&quot;orientation&quot;:&quot;1&quot;}" data-image-title="Selbstportrait klein" data-image-description="" data-image-caption="" data-medium-file="https://i0.wp.com/kreative-fotos.com/wp-content/uploads/2015/08/Selbstportrait-klein.jpg?fit=300%2C300&amp;ssl=1" data-large-file="https://i0.wp.com/kreative-fotos.com/wp-content/uploads/2015/08/Selbstportrait-klein.jpg?fit=640%2C640&amp;ssl=1" class="alignnone size-medium wp-image-58" src="https://i0.wp.com/kreative-fotos.com/wp-content/uploads/2015/08/Selbstportrait-klein.jpg?resize=300%2C300&#038;ssl=1" alt="Selbstportrait klein" width="300" height="300" srcset="https://i0.wp.com/kreative-fotos.com/wp-content/uploads/2015/08/Selbstportrait-klein.jpg?resize=300%2C300&amp;ssl=1 300w, https://i0.wp.com/kreative-fotos.com/wp-content/uploads/2015/08/Selbstportrait-klein.jpg?resize=150%2C150&amp;ssl=1 150w, https://i0.wp.com/kreative-fotos.com/wp-content/uploads/2015/08/Selbstportrait-klein.jpg?resize=1024%2C1024&amp;ssl=1 1024w, https://i0.wp.com/kreative-fotos.com/wp-content/uploads/2015/08/Selbstportrait-klein.jpg?w=1500&amp;ssl=1 1500w, https://i0.wp.com/kreative-fotos.com/wp-content/uploads/2015/08/Selbstportrait-klein.jpg?w=1280&amp;ssl=1 1280w" sizes="auto, (max-width: 300px) 100vw, 300px" data-recalc-dims="1" /></a></p>
<hr>
<p><strong>Wer bin ich?</strong></p>
<p>Studium an der Folkwang-Hochschule der Künste, 41 Jahre lang Gymnasiallehrer für das Fach Kunst, freischaffender Fotokünstler.<br />
Ich nehme keine gewerblichen Aufträge an, sondern beschäftige mich ausschließlich mit freier künstlerischer Fotografie.<br />
Besonders interessieren mich Bilder, in denen eine besondere Stimmung oder Situation dargestellt wird. Deshalb arbeite ich auch gerne mit besonderen Farb-, Licht- und Nebeleffekten.<br />
Die Schlangen, die man auf einigen Fotos sehen kann, sind meine eigenen.</p>

<p>Wer bin ich? Studium an der Folkwang-Hochschule der Künste, 41 Jahre lang Gymnasiallehrer für das Fach Kunst, freischaffender Fotokünstler. Ich nehme keine gewerblichen Aufträge an, sondern beschäftige mich ausschließlich mit freier künstlerischer Fotografie. Besonders interessieren mich Bilder, in denen eine &hellip; <a href="https://kreative-fotos.com/?page_id=33">Weiterlesen <span class="meta-nav">&rarr;</span></a></p>
